84 = 0. What is the tens digit of (0 - z)/(n/16)?
7
Suppose -20772 = 87*l - 93*l. What is the hundreds digit of l?
4
Suppose -5*v = -6*v + 3. Suppose v*x - 2*x - 14 = 0. What is the tens digit of x?
1
Suppose 0 = 4*w + w + 15. Let h(r) = r**2 - 4. Let c be h(w). Suppose -3*j + 120 = 5*x, 0*j = -3*x + c*j + 106. What is the tens digit of x?
2
Let a be (6/(-15))/(2/(-10)). Suppose 0 = -a*f + 5*b + 16, -b = f + 3*f + 12. What is the tens digit of 20*(3 + f)/1?
2
Let p = 41 + -14. Suppose 3*q = -3*x - p, -2*x + 3*x + 11 = -2*q. What is the units digit of x/28 - (-378)/8?
7
Let t(n) = n**3 + 19*n**2 + 2*n + 26. What is the tens digit of t(-18)?
1
Suppose 0 = -5*o - 712 + 137. Let g = 169 + o. What is the tens digit of (g/12)/((-2)/(-8))?
1
Suppose -4*u = 4*i - 272, 0*i + 5*u = -i + 52. Suppose -59 = 5*x + 4*y + 29, -i = 3*x - 4*y. Let h = 41 + x. What is the tens digit of h?
2
Let a(q) = 3*q**2 + 9*q + 9. Let j(z) be the second derivative of z**3/3 + z. Let p be j(-3). What is the units digit of a(p)?
3
Let v(i) = i**3 + i**2 + 2*i**2 - 10*i - 2 - i**2 + 4*i**2. Let g be v(-8). Let n = -27 - g. What is the tens digit of n?
2
Suppose 0 = -49*n + 50*n - 612. Let b = -398 + n. What is the hundreds digit of b?
2
Let y(v) = 8*v + 12. Let n be 260/28 + (-2)/7. Let p = n - 4. What is the units digit of y(p)?
2
Let s(r) = 6*r**3 - 2*r**2 - 12*r - 34. What is the units digit of s(6)?
8
Let s(z) = -z**2 - 12*z + 5. What is the units digit of s(-4)?
7
Let p(j) = -77*j - 391. What is the units digit of p(-6)?
1
Let n be (698/8)/(7/28). Suppose 0 = -2*i + 3*s + n, -s + 1 = 2. Let y = -112 + i. What is the units digit of y?
1
Let o(q) = 5*q + 3. Let l = 14 - 9. Suppose 0 = b - l + 2. What is the tens digit of o(b)?
1
Suppose 3*t = 8 + 7. Suppose -t = 2*a - 3*a. Suppose v + 19 = -0*v + a*n, 5*n - 25 = 0. What is the units digit of v?
6
What is the units digit of (27244/(-56))/(3/12*-2)?
3
Suppose 4*x = 5*p + 2, 9*p = 6*p + 6. Suppose -2*i - 4*u = -498, -4*i + 238 = x*u - 773. What is the tens digit of i?
5
Let v = 356 + 990. What is the thousands digit of v?
1
Suppose -4438 = -2*c - 6*u + 2*u, -6 = 3*u. What is the units digit of c?
3
Let f(s) = 18*s**3 - 2*s**2 + 26*s - 9. What is the tens digit of f(6)?
6
Suppose -7*h = -11*h + 68. Suppose 79 = 4*u - h. What is the units digit of u?
4
Let o(x) = -2*x - 1. Let j be o(-6). Let l = 13 - j. Suppose l - 6 = -2*c. What is the units digit of c?
2
Suppose 2*w - l = w + 483, l = -3. What is the units digit of w?
0
Let m(k) = -11*k**3 - 30*k**2 - 124*k - 9. What is the thousands digit of m(-5)?
1
Let f = 7 - 3. Suppose -107 = 3*x + 5*c, -3*x + x - 2*c = 74. What is the units digit of 104/x*(-3)/f?
2
Let p = -7 - -12. Suppose -2*l = -l + x - p, -5 = l - 4*x. Suppose -4*z - r + 98 = 0, -2*z - 2*r = -l*r - 52. What is the units digit of z?
5
Suppose 70 = r + 4*h - 62, -3*r = -5*h - 413. What is the units digit of r?
6
Let a(g) = -356*g - 394. What is the thousands digit of a(-6)?
1
Let i = 2551 - 1788. What is the units digit of i?
3
Let c(q) = -87*q. Let z be c(-1). Let i be (0 + (-4)/(-4))*z. Suppose i = -2*y + 5*y. What is the tens digit of y?
2
Let o = -1 - -1. Let d(c) = c**3 + 10*c**2 - 11*c + 3. Let s be d(-11). Suppose o = -s*b - b + 40. What is the tens digit of b?
1
Let w be (98/2)/(-2 - 11/(-5)). Let t = w - 92. What is the tens digit of t?
5
Let b be (27/6)/((-2)/24). Let k = 11 - b. What is the tens digit of k?
6
Suppose 11*s - 34 + 1 = 0. Suppose 3*t - 82 = -d + t, -4*d + s*t = -273. What is the tens digit of d?
7
Let a = 10 - 10. Suppose -4*r - r + 25 = a. Suppose r*k - 27 = 18. What is the units digit of k?
9
Let z(v) = -3*v + 6. Let y be z(-4). Suppose 2*a = 4 + y. Suppose -2*b + 22 = -f, -b + a = -5*f + f. What is the units digit of b?
1
Let c = 43 - 31. Let v = 18 - c. What is the tens digit of (v/(-4))/(3/(-20))?
1
Let h(g) = 61*g - 118. What is the hundreds digit of h(10)?
4
Let z(b) = 14*b - 17. Let i be z(-9). Let j = i + 306. What is the hundreds digit of j?
1
What is the units digit of 3/(346/1336 + (-1)/4)?
4
Suppose 5*a - 2008 = 14032. What is the hundreds digit of a?
2
Suppose -6*p = -10*p + 4. What is the units digit of (1 + 1)*(99/2 + p)?
1
Suppose -10 = -4*r + 2. Let u be (-25)/6 - r/(-18). What is the tens digit of (-329)/(-21) + u/6?
1
Let z = -590 - -1058. Suppose -9*p = -15*p + z. What is the units digit of p?
8
What is the units digit of 88/(-748) + (-23751)/(-17)?
7
Let m(z) = 2*z**2 - 5*z + 2. Let p be m(3). Suppose -2*u = p*d - 332, -2*d + u = -u - 130. What is the tens digit of d?
6
Suppose j = -4*x - 4, 3*j + 3*x = 13 + 11. Let o be ((-75)/50)/((-2)/72). What is the units digit of 1 + o + 48/j?
9
Suppose 5*k = 19 - 4. Suppose 4*v = k*v + 75. What is the tens digit of v?
7
What is the units digit of 2565/38*(-8)/(-2)?
0
Let y = 784 + -512. What is the units digit of y?
2
Let i be (-9)/3 + 3 - -3. Suppose u - i*u + 40 = h, 0 = -h + u + 28. What is the tens digit of h?
3
Suppose 4*q + 2 = -6. What is the units digit of -6 + (-4)/q - -46?
2
Let l be 30/((-2)/(-24)*108/96). Suppose 0 = -0*v + 5*v - l. What is the units digit of v?
4
Suppose -t - 5*a = -23 - 46, 4*t = -4*a + 228. Let k = 61 - t. What is the units digit of k?
7
Suppose 53*g + 2190 = w + 51*g, 0 = -w - g + 2196. What is the hundreds digit of w?
1
Let j(u) = u**3 - 13*u**2 - 2*u - 18. Let c be j(13). Let w = 75 + c. What is the tens digit of w?
3
Let h(z) = -3*z - 42. Let b(o) = 2*o + 21. Let j(k) = -10*b(k) - 6*h(k). What is the units digit of j(0)?
2
Let o be (20/(-25))/(1/(-5)). Suppose 3 = a + o*f, a - 3*a = 2*f. Let x = a + 43. What is the tens digit of x?
4
Let i = 43 - -164. What is the units digit of i?
7
What is the thousands digit of 1445 + -2*(8 - 6)?
1
Let p(r) = -r**3 + 8*r**2 + 2. Let j be p(8). Suppose -u = j*u + 3. What is the units digit of u/((-204)/(-69) + -3)?
3
Suppose j = x - j - 528, -3*x - j = -1570. What is the hundreds digit of x?
5
What is the hundreds digit of (1 - 37/(-3))*(-3444)/(-112)?
4
Let v(i) = 2*i + 10. Suppose -y + 8 = 3*y. What is the tens digit of v(y)?
1
Suppose -5*y - 5 + 79 = 3*f, 2*f - 28 = -2*y. What is the units digit of (1 + -3 + y)/(6/33)?
7
What is the hundreds digit of (372276/1134)/((-1)/(-14)*2)?
2
Let z = -902 - -1682. What is the units digit of z?
0
Let r(o) = -1120*o - 56. What is the units digit of r(-2)?
4
Suppose 0 = -4*l + 810 + 814. What is the hundreds digit of l?
4
Suppose 4*v + v - 1631 = -3*h, -4*v - 3*h = -1306. Let l = v - 179. What is the units digit of l?
6
What is the hundreds digit of 716 - ((3 - 2) + -4)?
7
Let v = -13 + 15. Let r(c) be the first derivative of 8*c**3/3 - c**2 - 2*c - 22. What is the tens digit of r(v)?
2
Let s = -4 - -54. What is the tens digit of s*3*1/2?
7
Let d(j) = 1 + 2*j + 2*j**2 + 1 - j**2 - 5*j. Let r be d(2). Suppose -5*v - 5 = -r*v, -3*v + 42 = 5*h. What is the units digit of h?
9
Let p be 140*((-161)/(-140) - 2/5). Suppose o - p = 86. What is the units digit of o?
1
Let m = 8 + 6. Let u = 14 - m. Suppose u*f + 21 = f. What is the tens digit of f?
2
Let k(y) be the first derivative of y**5/20 - 2*y**4/3 - y**3 - 2*y**2 - 2*y + 5. Let w(i) be the first derivative of k(i). What is the tens digit of w(9)?
2
Let k = 6 + -6. Suppose -3*f - 2*u - 46 = k, -f - 58 = 3*f + 2*u. What is the units digit of 7 + 1*f/(-4)?
0
Suppose 4*l = 145 + 7. Let z = l + -7. What is the units digit of z?
1
Let k(t) = -10*t**3 + 51*t**2 + 92*t + 23. Let f(c) = 3*c**3 - 17*c**2 - 31*c - 8. Let u(z) = 7*f(z) + 2*k(z). What is the units digit of u(19)?
5
Let s(t) = -7*t**3 + 2*t**2 + t + 2. Let m be s(-2). Suppose 0 = 2*v - f - 177, -3*f + 101 + m = 2*v. What is the units digit of v?
7
Suppose -2*w - 5*l + 11 = -7, -4*w - 3*l + 50 = 0. Suppose 0 = -3*f - 2*d + 101 + w, 2*d - 45 = -f. What is the units digit of f?
5
Let r(q) = 4*q**2 - 3*q - 3. Let x be r(-1). Suppose 6 = -3*n + x*n. What is the units digit of n?
6
Suppose 10861 = 4*v + 5*g, -11*g + 5428 = 2*v - 9*g. What is the units digit of v?
9
Let y(k) = 49*k**2 + 2*k + 3. Let w be 18/(-45) + 3/(-5). What is the tens digit of y(w)?
5
What is the tens digit of (205/10)/(1/2) + 4?
4
What is the units digit of 36/(-12) + -7 - -727?
7
Suppose -348 = -2*f - 6. Suppose -236 + 62 = -4*z - 2*t, t = -4*z + f.